Let w(p) = -3*p - 17. Calculate the remainder when g is divided by w(b).
1
Suppose -j - 5*m = -31, -44*j + 41*j + 4*m = -36. Calculate the remainder when 3949 is divided by j.
13
Let j = 62 + -49. Calculate the remainder when 10/(-2 - 33/(-15)) is divided by j.
11
Suppose 44 = o - 3*t - 16, 0 = 3*o - 4*t - 155. Suppose 5 = 2*r - o. Let m = 13 - 6. Calculate the remainder when r is divided by m.
4
Let n = 106 - 88. Suppose -5*i + n = 3, -k = -2*i - 31. What is the remainder when k is divided by 13?
11
Suppose -518*v - 1250 = -543*v. Suppose a + 13 = -2*t + 45, 0 = 4*t + a - 62. What is the remainder when v is divided by t?
5
Suppose 4*n + 0*n - 4*r = 1384, 0 = -5*n + 3*r + 1720. What is the remainder when n is divided by 43?
40
Let y = -821 + 874. What is the remainder when 162 is divided by y?
3
Let l = 298 + -217. What is the remainder when l is divided by (-1)/4 - 585/(-20)?
23
Let r = 1540 + -1506. Calculate the remainder when 68 is divided by r.
0
Let w(o) = -o**2 - 13*o - 1. Let l = 31 + -41. Calculate the remainder when 84 is divided by w(l).
26
Suppose 4*t + 88 = 12*t. Calculate the remainder when t is divided by -2 - (12/(-3) - 2).
3
Let v be 49/3 - 14/(-21). Let m = v + 12. What is the remainder when m is divided by 16?
13
Let n(u) = -10*u - 452. Calculate the remainder when 37 is divided by n(-47).
1
Suppose -3*j = -40 - 119. What is the remainder when j is divided by 6?
5
Let w = -54 - -63. Let a(z) = -z**2 + 14*z - 22. What is the remainder when a(w) is divided by 6?
5
Suppose 22 = -2*r - 36. Let q = 145 + r. Calculate the remainder when q is divided by 40.
36
Suppose -3*l - 9 = -6*l. Suppose l*g + g + 20 = 0, 21 = 2*f - 5*g. What is the remainder when 159/7 + f/(-7) is divided by 13?
10
Suppose 0 = 4*u + u - 320. What is the remainder when u is divided by 72/12 - (-2 + -3)?
9
Suppose 25 = 5*z, 12*q + z = 8*q + 165. What is the remainder when 230 is divided by q?
30
Suppose -6*t = 168 - 1272. Suppose -8*s = -4*s - t. What is the remainder when s is divided by 24?
22
Let x(h) = h**3 - 45*h**2 + 50*h - 53. Calculate the remainder when x(44) is divided by 53.
52
Let x be 303 - (5 - (2 - 1)). Let f = x + -204. Calculate the remainder when f is divided by 16.
15
Suppose -u - 33 = -4*u. Suppose -4*g + 13 = -u. Suppose 50*x - 77 = -5*f + 54*x, 0 = -5*f + 6*x + 93. What is the remainder when f is divided by g?
3
What is the remainder when 1006 is divided by (252/168)/((-1)/(-42))?
61
Let r(v) = -20*v + 8. Calculate the remainder when r(-5) is divided by 10.
8
Let r = -5 - -8. Let f be (-440)/77 - (-6)/(-21). Calculate the remainder when 11 is divided by ((r - 7) + 3)*f.
5
Suppose -j + 13 = -0*j + 2*c, -2*j = -3*c + 9. Suppose -15 = -j*p, -6 = -4*x + 2*p + 4. What is the remainder when 51 is divided by (-21)/(-35) - (-67)/x?
9
Let t(u) = u + 10. What is the remainder when 99 is divided by t(-7)?
0
Let y(p) = 2*p**2 + 18*p - 8. Let l(c) = c - 1. Let j(o) = 4*l(o) - y(o). Calculate the remainder when 8 is divided by j(-7).
0
Suppose 0 = -5*d + 3*k + 2200, -d + 420 = -k - 18. Suppose 0 = 4*s + d + 105. Let n = s + 194. What is the remainder when n is divided by 15?
12
What is the remainder when 108/2 - (6 - 7) is divided by 19?
17
Suppose 4*g + s + 38 = 249, 0 = -3*g + 4*s + 182. Suppose -18*m + 676 - 316 = 0. Calculate the remainder when g is divided by m.
14
Let w(a) = 12*a + 719. What is the remainder when 154 is divided by w(-58)?
16
Suppose 52 = 3*d + p, -5*d + 83 = p - 7. Let s(i) = -i**2 - 8*i - 2. Calculate the remainder when d is divided by s(-6).
9
Let b = -34 - -41. Let f(u) = u**2 - 6*u + 11. What is the remainder when 68 is divided by f(b)?
14
Suppose 3*f + 1013 = 4*v, -4*v = -13*f + 18*f - 989. Calculate the remainder when v is divided by 26.
17
Suppose 4*a + 4*r - 24 = 0, -2*r + 4 = -3*r. Suppose 72 = 14*z - a*z. What is the remainder when 67 is divided by z?
13
Suppose -7*w + 72 = 4*f - 8*w, 2*f = 2*w + 30. Let p = 0 - -3. Suppose -p*m + 82 = 2*v + m, -172 = -5*v + m. Calculate the remainder when v is divided by f.
16
Let b = 66 - -27. Suppose 7*u = 10*u - b. Calculate the remainder when 246 is divided by u.
29
Suppose -k = -i + 4, 2*k - i = 3*i - 12. What is the remainder when 43 is divided by (66/(-9))/k*3?
10
Suppose -2*h - 6 = -0*h. Suppose -2*v + v = 6. What is the remainder when (38/h)/(4/v) is divided by 5?
4
Let r = -187 - -203. Calculate the remainder when 221 is divided by r.
13
Let p be -5*(40/25 - 2). Suppose 5*d + v - 357 = 0, -2*d = -p*v + 23 - 173. What is the remainder when d is divided by 6/(-8) + 189/12?
12
Let r(o) = o + 50. Suppose 2*w - 3*c = 8, 7*w + c - 37 = 2*w. Calculate the remainder when r(-16) is divided by w.
6
Let k(h) = -h**2 - 37*h - 30. What is the remainder when 42 is divided by k(-36)?
0
Let l(u) = -u**3 - 14*u**2 + u + 16. Let s be l(-14). Suppose 19 = r - 2*p, -5*p + s*p = r + 6. What is the remainder when 33 is divided by r?
6
Let j = 498 - 324. Calculate the remainder when j is divided by 35.
34
Let r = -266 + 293. Calculate the remainder when 63 is divided by r.
9
Suppose 0 = -s + 3*s - 4. Suppose s*q - 100 = -3*q. Calculate the remainder when 60 is divided by q.
0
Let h = 11 - -58. Let x be -3 - ((-20)/5 - 1). Suppose -3*m = -2*q - 66 + x, -m + q = -20. Calculate the remainder when h is divided by m.
21
Let f = 153 + -321. Calculate the remainder when (f/(-9))/(8/12) is divided by 5.
3
Let g be 6*(2/3)/1. Suppose 3*q + 39 = g*z + 130, -3*z + 15 = 0. Calculate the remainder when q is divided by 13.
11
Suppose 115 = 3*r - 2. Let d(f) = -60*f**3 - 60*f**3 + 119*f**3 + 13*f**2 + 12*f + 48. What is the remainder when r is divided by d(14)?
19
Let n = 121 + -77. Let q be -1*53 + 0 - 26/(-13). Let h = 63 + q. What is the remainder when n is divided by h?
8
Let g = 16 - 11. Suppose m + g*t - 68 = 30, 2*t - 268 = -3*m. Calculate the remainder when m is divided by 23.
19
Suppose -19*b = -16*b + 141. Let f = b + 57. Calculate the remainder when 26 is divided by f.
6
Let q = 12 - 20. Let d(u) = -u - 4. Suppose 81 = 4*j - 0*r + 5*r, -r = -j + 9. Calculate the remainder when j is divided by d(q).
2
Let f = -14 + 18. Suppose 3*k - 5*x + 5 = -f, 4*k - 23 = -5*x. What is the remainder when k is divided by (1 - -2) + 0 + -1?
0
Let w = 18 - -38. Suppose s + 9 = -3*a, -a + 6 + 2 = 4*s. Calculate the remainder when (11/(-44))/((-2)/w) is divided by s.
1
Suppose -5*b = -w - 37, 2*b + 0 - 20 = 3*w. Let x(h) = 9*h - 15. Calculate the remainder when x(b) is divided by 17.
14
Calculate the remainder when (428 - 0)/(9/(-3) + 5) is divided by 24.
22
Let f be (9/(-3) - 8) + (-9)/(-3). Let v = -6 - f. What is the remainder when 3 is divided by v?
1
Suppose 0 = -t + 71 - 14. Let j(p) = -p**3 + 7*p**2 - 4*p + 3. What is the remainder when t is divided by j(6)?
12
Suppose 20 = -0*c + 5*c. Let i be c/8 + (-45)/(-2). Let q = 38 - i. What is the remainder when 58 is divided by q?
13
Suppose 2*n - 12 = -22. Let h(r) = 8*r**2 - 6*r - 2. Calculate the remainder when h(n) is divided by 46.
44
Let w = 186 + -178. Calculate the remainder when 23 is divided by w.
7
Let g = 45 + -19. What is the remainder when 63 is divided by g?
11
Let a = -436 + 446. Calculate the remainder when a is divided by 3.
1
Let s(a) = -15*a**2 - 99*a - 16. Calculate the remainder when 173 is divided by s(-6).
21
Suppose q = -5*j + 3498, -5*j + 0*q - 5*q + 3510 = 0. Calculate the remainder when j is divided by 54.
51
Let g(p) be the first derivative of -13*p**4/2 - p**3/3 - p**2/2 - 9. What is the remainder when 51 is divided by g(-1)?
25
Suppose 206 = -10*r + 2636. What is the remainder when r is divided by 80?
3
Let m(c) = -4*c + 225. What is the remainder when 175 is divided by m(45)?
40
Suppose -2*v = 2*g + 72, 4*v + 36 + 67 = -3*g. Let q be 6/(-12)*(g - -1). What is the remainder when 13 is divided by -4 - 32/(q/(-5))?
1
Let x(u) = -u**3 + 12*u**2 + 12*u - 110. Calculate the remainder when 1597 is divided by x(12).
33
Let o = -161 - -354. Let l = -170 + o. What is the remainder when 42 is divided by l?
19
Suppose c = -41 + 88. What is the remainder when c is divided by 13?
8
Suppose 0 = 4*b - 150 - 562. Let p(g) = g**2 - 22*g - 3. Let d be p(6). Let i = b + d. Calculate the remainder when i is divided by 27.
25
Suppose p - 4 = 0, 3*y - 163 - 25